common divisor of 112 and 42490.
14
Calculate the highest common factor of 39 and 48219.
3
What is the greatest common factor of 43300 and 8?
4
What is the highest common factor of 312016 and 376?
8
What is the highest common factor of 235983 and 22?
11
Calculate the highest common factor of 50 and 1016.
2
Calculate the highest common divisor of 1355 and 17344.
271
What is the highest common factor of 11196 and 684?
36
Calculate the greatest common factor of 11038665 and 447.
447
What is the greatest common divisor of 8816 and 25764?
76
Calculate the highest common divisor of 138180 and 68385.
705
Calculate the greatest common factor of 148216 and 2674.
382
What is the highest common factor of 37506 and 1645?
329
What is the highest common divisor of 27796 and 16?
4
What is the highest common factor of 358650 and 45?
45
Calculate the greatest common factor of 10621 and 19513.
247
What is the greatest common divisor of 816 and 1439016?
408
Calculate the highest common factor of 442320 and 20.
20
What is the greatest common divisor of 261853 and 401?
401
Calculate the greatest common divisor of 1863 and 18063.
81
Calculate the greatest common factor of 351760 and 160.
80
What is the highest common divisor of 109566 and 48?
6
What is the greatest common factor of 138888 and 88?
8
Calculate the highest common factor of 924 and 426426.
462
What is the greatest common divisor of 36355 and 55?
55
Calculate the highest common divisor of 66 and 12756.
6
Calculate the highest common factor of 3553 and 6688.
209
What is the highest common divisor of 520 and 18070?
130
Calculate the highest common divisor of 3499543 and 929.
929
What is the highest common divisor of 1623740 and 19?
19
Calculate the greatest common factor of 307868 and 44.
44
Calculate the highest common factor of 1311 and 46644.
69
Calculate the highest common factor of 1226680 and 8.
8
Calculate the highest common factor of 5632 and 520.
8
Calculate the greatest common factor of 90 and 755.
5
What is the greatest common factor of 22590 and 810?
90
What is the greatest common divisor of 74880 and 2574?
234
What is the greatest common factor of 875 and 1415?
5
What is the highest common factor of 13461 and 105?
21
Calculate the greatest common factor of 3738 and 411.
3
What is the greatest common factor of 544 and 17221?
17
What is the greatest common divisor of 567296 and 48?
16
Calculate the greatest common factor of 9080 and 10.
10
What is the highest common divisor of 996 and 57436?
332
What is the greatest common factor of 4191 and 33?
33
What is the highest common divisor of 4725 and 9090?
45
What is the highest common divisor of 320 and 1312?
32
What is the greatest common divisor of 2 and 14524?
2
Calculate the highest common factor of 260 and 31915.
65
What is the greatest common divisor of 139944 and 24?
24
What is the highest common divisor of 16841 and 22?
11
Calculate the greatest common factor of 147 and 210.
21
Calculate the greatest common factor of 4 and 1194428.
4
Calculate the greatest common divisor of 1008 and 340368.
336
Calculate the highest common factor of 62524 and 224.
28
Calculate the greatest common divisor of 3615 and 12773.
241
What is the greatest common factor of 2310 and 480?
30
Calculate the highest common divisor of 150306 and 31161.
1833
What is the highest common factor of 140 and 8870?
10
Calculate the greatest common divisor of 189 and 127.
1
Calculate the highest common divisor of 1224 and 295800.
408
Calculate the highest common divisor of 475 and 200.
25
What is the greatest common divisor of 134024 and 89857?
1523
Calculate the highest common factor of 84507 and 69.
3
Calculate the highest common factor of 42728 and 6272.
392
Calculate the greatest common divisor of 173 and 46537.
173
Calculate the highest common factor of 59728 and 208.
16
Calculate the highest common divisor of 2637052 and 11.
11
Calculate the highest common divisor of 33824 and 33376.
224
What is the greatest common factor of 154950 and 60?
30
Calculate the highest common divisor of 231 and 5814039.
231
Calculate the highest common factor of 527 and 297941.
31
What is the highest common factor of 15 and 13730?
5
Calculate the greatest common divisor of 9040 and 56.
8
Calculate the highest common divisor of 1472 and 3013.
23
Calculate the greatest common factor of 51 and 18632.
17
Calculate the highest common divisor of 156251 and 111.
37
Calculate the greatest common factor of 48 and 16964.
4
Calculate the greatest common divisor of 54867 and 9.
3
What is the greatest common divisor of 13248 and 8352?
288
Calculate the highest common factor of 329 and 336007.
7
What is the greatest common factor of 90 and 1580?
10
Calculate the greatest common factor of 5776 and 304.
304
Calculate the greatest common factor of 467 and 106009.
467
Calculate the highest common divisor of 3445 and 715.
65
Calculate the greatest common factor of 30230 and 4.
2
What is the highest common divisor of 2925632 and 136?
136
Calculate the highest common factor of 114 and 774.
6
What is the highest common divisor of 105811 and 38?
19
What is the highest common factor of 331 and 251560?
331
Calculate the highest common divisor of 12 and 985602.
6
Calculate the greatest common factor of 420 and 9732.
12
Calculate the greatest common divisor of 20629 and 123353.
421
What is the highest common divisor of 276 and 315054?
138
What is the highest common divisor of 184224 and 4256?
608
What is the greatest common factor of 36501 and 69?
69
Calculate the highest common divisor of 66105 and 104.
13
Calculate the greatest common divisor of 47 and 82391.
47
What is the highest common factor of 1715351 and 1496?
187
Calculate the highest common factor of 141275 and 25.
25
Calculate the highest common divisor of 121 and 7271.
11
What is the highest common factor of 3157 and 637?
7
Calculate the highest common factor of 8310413 and 82.
41
Calculate the highest common factor of 47 and 107207.
47
Calculate the highest common factor of 213 and 4695727.
71
Calculate the greatest common factor of 30037 and 392.
49
What is the highest common factor of 7 and 16947?
7
What is the highest common factor of 4 and 330364?
4
Calculate the greatest common divisor of 12310 and 3320.
10
What is the greatest common factor of 5358 and 34404?
282
Calculate the highest common divisor of 82 and 514714.
82
What is the greatest common factor of 648265 and 3487?
317
Calculate the greatest common divisor of 1167320 and 280.
280
Calculate the greatest common factor of 64555 and 20.
5
Calculate the greatest common divisor of 736 and 33350.
46
What is the greatest common factor of 333201 and 138?
69
What is the greatest common factor of 7 and 420973?
7
Calculate the greatest common divisor of 74 and 12836003.
37
Calculate the greatest common divisor of 1230 and 1821.
3
Calculate the highest common factor of 5944665 and 105.
15
What is the greatest common divisor of 761472 and 5760?
1152
What is the greatest common divisor of 108918 and 189?
27
What is the greatest common factor of 78 and 182?
26
What is the highest common divisor of 75968 and 128?
64
What is the greatest common divisor of 6640 and 6?
2
What is the greatest common factor of 832 and 129116?
52
What is the highest common factor of 917 and 2?
1
What is the highest common factor of 260 and 5512?
52
What is the greatest common factor of 46 and 19366?
46
Calculate the greatest common factor of 676 and 1069094.
338
What is the greatest common factor of 208626 and 348?
174
Calculate the greatest common divisor of 543 and 2883.
3
Calculate the greatest common divisor of 1896 and 507417.
237
Calculate the greatest common factor of 143 and 32032.
143
Calculate the greatest common divisor of 92729 and 70.
7
What is the highest common divisor of 10 and 226165?
5
Calculate the highest common divisor of 43596 and 504.
252
Calculate the greatest common factor of 460 and 16468.
92
What is the greatest common factor of 108 and 7236?
108
What is the highest common divisor of 811 and 1162163?
811
Calculate the highest common divisor of 832 and 1014.
26
What is the highest common divisor of 583 and 8003?
53
What is the greatest common divisor of 2450 and 36525?
25
What is the greatest common divis